 3775?
151
What is the highest common factor of 105 and 45?
15
Calculate the greatest common factor of 351 and 182.
13
What is the highest common factor of 36 and 522?
18
Calculate the highest common divisor of 2100 and 42.
42
What is the greatest common factor of 80 and 880?
80
Calculate the greatest common divisor of 595 and 140.
35
Calculate the greatest common divisor of 88 and 152.
8
What is the greatest common factor of 210 and 30?
30
Calculate the highest common factor of 348 and 7018.
58
What is the highest common factor of 846 and 2914?
94
Calculate the highest common factor of 5 and 985.
5
Calculate the highest common factor of 660 and 1830.
30
What is the greatest common divisor of 52 and 65?
13
Calculate the highest common divisor of 156 and 364.
52
Calculate the greatest common divisor of 228 and 513.
57
What is the greatest common factor of 262 and 18471?
131
What is the greatest common factor of 1546 and 2?
2
Calculate the greatest common divisor of 368 and 644.
92
Calculate the greatest common divisor of 222 and 312.
6
Calculate the highest common divisor of 9 and 75.
3
What is the greatest common divisor of 9 and 909?
9
Calculate the greatest common divisor of 1980 and 5.
5
What is the greatest common factor of 1339 and 13?
13
What is the greatest common divisor of 17 and 7531?
17
What is the highest common divisor of 27 and 9?
9
What is the greatest common divisor of 1200 and 175?
25
Calculate the greatest common divisor of 638 and 5568.
58
What is the highest common factor of 282 and 96?
6
Calculate the greatest common factor of 1988 and 1372.
28
Calculate the greatest common factor of 200 and 9220.
20
Calculate the highest common factor of 150 and 2050.
50
What is the greatest common divisor of 220 and 1045?
55
Calculate the highest common factor of 68 and 340.
68
Calculate the highest common divisor of 6749 and 153.
17
What is the greatest common factor of 32 and 416?
32
What is the highest common divisor of 3132 and 116?
116
Calculate the highest common divisor of 6 and 58.
2
What is the greatest common divisor of 2478 and 546?
42
Calculate the highest common factor of 513 and 54.
27
What is the highest common factor of 18 and 2634?
6
What is the greatest common divisor of 63 and 63?
63
Calculate the highest common factor of 88 and 253.
11
Calculate the greatest common divisor of 676 and 16.
4
Calculate the greatest common divisor of 1270 and 130.
10
What is the highest common divisor of 6 and 843?
3
What is the greatest common factor of 46 and 23?
23
What is the greatest common factor of 13 and 24089?
13
Calculate the greatest common divisor of 3612 and 1428.
84
Calculate the greatest common divisor of 208 and 32.
16
What is the greatest common factor of 88 and 16?
8
What is the greatest common divisor of 672 and 24?
24
What is the highest common divisor of 9 and 18?
9
Calculate the highest common factor of 50 and 20.
10
What is the highest common factor of 105 and 1785?
105
What is the greatest common divisor of 59634 and 18?
18
What is the greatest common factor of 533 and 91?
13
Calculate the greatest common divisor of 204 and 516.
12
Calculate the greatest common divisor of 46 and 4738.
46
What is the greatest common factor of 26 and 1066?
26
What is the greatest common factor of 4416 and 240?
48
Calculate the greatest common factor of 18 and 11709.
9
Calculate the highest common factor of 212 and 106.
106
Calculate the highest common divisor of 637 and 26.
13
What is the highest common factor of 63 and 1680?
21
Calculate the highest common divisor of 2432 and 640.
128
What is the greatest common factor of 19 and 437?
19
Calculate the greatest common divisor of 581 and 7.
7
Calculate the greatest common divisor of 138 and 60.
6
What is the greatest common divisor of 7227 and 66?
33
What is the highest common factor of 5043 and 123?
123
What is the highest common factor of 142 and 1207?
71
What is the highest common factor of 66 and 176?
22
What is the greatest common factor of 52 and 143?
13
Calculate the highest common factor of 138 and 6.
6
Calculate the greatest common divisor of 17844 and 12.
12
What is the greatest common divisor of 3 and 507?
3
What is the highest common divisor of 43 and 172?
43
Calculate the highest common factor of 44 and 187.
11
What is the greatest common divisor of 466 and 1631?
233
What is the highest common divisor of 560 and 350?
70
What is the greatest common divisor of 1200 and 816?
48
What is the greatest common factor of 12 and 948?
12
Calculate the greatest common divisor of 176 and 396.
44
What is the greatest common factor of 605 and 440?
55
Calculate the highest common factor of 18 and 12636.
18
What is the greatest common factor of 3 and 39?
3
Calculate the highest common factor of 68 and 374.
34
What is the greatest common divisor of 11926 and 534?
178
What is the greatest common factor of 204 and 17000?
68
Calculate the highest common divisor of 21747 and 11.
11
Calculate the greatest common divisor of 120 and 795.
15
What is the greatest common divisor of 114 and 5073?
57
Calculate the highest common divisor of 476 and 51.
17
Calculate the highest common factor of 2938 and 208.
26
What is the highest common divisor of 28 and 140?
28
Calculate the greatest common factor of 90 and 11430.
90
Calculate the highest common divisor of 1071 and 1904.
119
Calculate the greatest common divisor of 12827 and 202.
101
Calculate the highest common factor of 21 and 27.
3
Calculate the highest common factor of 48 and 2124.
12
Calculate the greatest common factor of 15 and 255.
15
What is the greatest common factor of 118 and 1534?
118
What is the highest common factor of 436 and 1417?
109
Calculate the highest common factor of 76110 and 15.
15
Calculate the greatest common factor of 707 and 909.
101
What is the highest common factor of 492 and 354?
6
Calculate the highest common divisor of 745 and 3427.
149
What is the highest common divisor of 312 and 2847?
39
What is the highest common divisor of 201 and 6?
3
What is the greatest common divisor of 48 and 36?
12
Calculate the greatest common divisor of 22 and 594.
22
What is the highest common factor of 60 and 285?
15
What is the highest common divisor of 3 and 93?
3
Calculate the highest common factor of 5076 and 108.
108
Calculate the greatest common factor of 22 and 682.
22
What is the highest common divisor of 20 and 530?
10
What is the greatest common factor of 204 and 12?
12
Calculate the highest common factor of 510 and 204.
102
Calculate the highest common factor of 484 and 22.
22
Calculate the greatest common divisor of 17628 and 36.
12
What is the greatest common divisor of 9 and 13?
1
What is the greatest common divisor of 18568 and 55?
11
What is the highest common factor of 14 and 602?
14
Calculate the highest common factor of 470 and 3102.
94
What is the highest common factor of 44 and 6028?
44
Calculate the highest common factor of 425 and 153.
17
What is the greatest common divisor of 187 and 22?
11
Calculate the highest common divisor of 427 and 35.
7
Calculate the greatest common factor of 11357 and 41.
41
Calculate the greatest common divisor of 312 and 4264.
104
Calculate the highest common factor of 180 and 46080.
180
Calculate the highest common divisor of 162 and 3510.
54
Calculate the greatest common factor of 600 and 72.
24
What is the highest common factor of 40 and 360?
40
Calculate the highest common divisor of 8 and 454.
2
What is the greatest common factor of 1419 and 33?
33
What is the highest common factor of 8 and 1408?
8
What is the highest common divisor of 44 and 22?
22
What is the greatest common factor of 216 and 240?
24
What is the greatest common divisor of 210 and 75?
15
What is the greatest common factor of 61 and 793?
61
Calculate the greatest common factor of 52 and 2444.
52
Calculate the greatest common factor of 72 and 456.
24
What is the highest common factor of 51579 and 99?
99
Calculate the greatest common factor of 50 and 1450.
50
Calculate the highest common divisor of 108 and 36.
36
What is the highest common divisor of 2 and 446?
2
What is the greatest common factor of 248 and 32?
8
What is the highest common divisor of 14 and 672?
14
What is the highest common factor of 138 and 47